{"id":913,"date":"2024-01-25T23:01:20","date_gmt":"2024-01-26T05:01:20","guid":{"rendered":"http:\/\/data.sedema.cdmx.gob.mx:9000\/bosquedechapultepec\/?post_type=espacios&#038;p=913"},"modified":"2025-07-23T19:43:54","modified_gmt":"2025-07-24T00:43:54","slug":"calzada-poetas","status":"publish","type":"espacios","link":"http:\/\/bosquedechapultepec.mx:9000\/bosquedechapultepec\/espacios\/calzada-poetas\/","title":{"rendered":"Calzada de los Poetas"},"content":{"rendered":"\n<div class=\"wp-block-columns is-layout-flex wp-container-core-columns-is-layout-9d6595d7 wp-block-columns-is-layout-flex\">\n<div class=\"wp-block-column is-layout-flow wp-block-column-is-layout-flow\">\n<h2 class=\"wp-block-heading sm:text-3xl md:text-3xl lg:text-4xl xl:text-4xl\"><strong><strong><strong><strong><strong><strong><strong><strong>Calzada de los Poetas<\/strong><\/strong><\/strong><\/strong><\/strong><\/strong><\/strong><\/strong><\/h2>\n\n\n\n<div style=\"height:20px\" aria-hidden=\"true\" class=\"wp-block-spacer\"><\/div>\n\n\n\n<p>Este paseo constituye un homenaje a los grandes escritores que han dejado una huella imborrable en la historia literaria del pa\u00eds.<br><br>A lo largo del recorrido se pueden observar los bustos de poetas mexicanos de los siglos XIX y XX, esculpidos por Ernesto Tamariz, Jos\u00e9 Santiago Le\u00f3n e Ignacio As\u00fansolo, rodeados de bellas \u00e1reas verdes, \u00e1rboles emblem\u00e1ticos del bosque y otros monumentos hist\u00f3ricos.<br><br><strong>Horario:<\/strong><br>Sujeto al horario de la Primera Secci\u00f3n<br><br><strong>Ubicaci\u00f3n:<\/strong><br>Primera Secci\u00f3n del Bosque de Chapultepec<br><\/p>\n\n\n\n<div style=\"height:20px\" aria-hidden=\"true\" class=\"wp-block-spacer\"><\/div>\n<\/div>\n<\/div>\n","protected":false},"menu_order":0,"template":"","format":"standard","meta":{"_acf_changed":false,"inline_featured_image":false},"categories":[5,17,3],"tags":[120,75,92,87,94],"class_list":["post-913","espacios","type-espacios","status-publish","format-standard","hentry","category-espacios","category-monumentos-primera-seccion","category-primera-seccion","tag-bicicleta","tag-chapultepec-primera-seccion","tag-correr","tag-lagos","tag-lectura"],"acf":[],"_links":{"self":[{"href":"http:\/\/bosquedechapultepec.mx:9000\/bosquedechapultepec\/wp-json\/wp\/v2\/espacios\/913","targetHints":{"allow":["GET"]}}],"collection":[{"href":"http:\/\/bosquedechapultepec.mx:9000\/bosquedechapultepec\/wp-json\/wp\/v2\/espacios"}],"about":[{"href":"http:\/\/bosquedechapultepec.mx:9000\/bosquedechapultepec\/wp-json\/wp\/v2\/types\/espacios"}],"wp:attachment":[{"href":"http:\/\/bosquedechapultepec.mx:9000\/bosquedechapultepec\/wp-json\/wp\/v2\/media?parent=913"}],"wp:term":[{"taxonomy":"category","embeddable":true,"href":"http:\/\/bosquedechapultepec.mx:9000\/bosquedechapultepec\/wp-json\/wp\/v2\/categories?post=913"},{"taxonomy":"post_tag","embeddable":true,"href":"http:\/\/bosquedechapultepec.mx:9000\/bosquedechapultepec\/wp-json\/wp\/v2\/tags?post=913"}],"curies":[{"name":"wp","href":"https:\/\/api.w.org\/{rel}","templated":true}]}}

<div class="wp-block-columns is-layout-flex wp-container-core-columns-is-layout-9d6595d7 wp-block-columns-is-layout-flex">
<div class="wp-block-column is-layout-flow wp-block-column-is-layout-flow">
<h2 class="wp-block-heading sm:text-3xl md:text-3xl lg:text-4xl xl:text-4xl"><strong><strong><strong><strong><strong><strong><strong><strong>Calzada de los Poetas</strong></strong></strong></strong></strong></strong></strong></strong></h2>



<div style="height:20px" aria-hidden="true" class="wp-block-spacer"></div>



<p>Este paseo constituye un homenaje a los grandes escritores que han dejado una huella imborrable en la historia literaria del país.<br><br>A lo largo del recorrido se pueden observar los bustos de poetas mexicanos de los siglos XIX y XX, esculpidos por Ernesto Tamariz, José Santiago León e Ignacio Asúnsolo, rodeados de bellas áreas verdes, árboles emblemáticos del bosque y otros monumentos históricos.<br><br><strong>Horario:</strong><br>Sujeto al horario de la Primera Sección<br><br><strong>Ubicación:</strong><br>Primera Sección del Bosque de Chapultepec<br></p>



<div style="height:20px" aria-hidden="true" class="wp-block-spacer"></div>
</div>
</div>
