{"id":901,"date":"2024-01-25T22:27:29","date_gmt":"2024-01-26T04:27:29","guid":{"rendered":"http:\/\/data.sedema.cdmx.gob.mx:9000\/bosquedechapultepec\/?post_type=espacios&#038;p=901"},"modified":"2025-07-23T19:41:31","modified_gmt":"2025-07-24T00:41:31","slug":"monumento-jose-marti","status":"publish","type":"espacios","link":"http:\/\/bosquedechapultepec.mx:9000\/bosquedechapultepec\/espacios\/monumento-jose-marti\/","title":{"rendered":"Monumento a Jos\u00e9 Mart\u00ed"},"content":{"rendered":"\n<div class=\"wp-block-columns is-layout-flex wp-container-core-columns-is-layout-9d6595d7 wp-block-columns-is-layout-flex\">\n<div class=\"wp-block-column is-layout-flow wp-block-column-is-layout-flow\">\n<h2 class=\"wp-block-heading sm:text-3xl md:text-3xl lg:text-4xl xl:text-4xl\"><strong>Monumento a Jos\u00e9 Mart\u00ed<\/strong><\/h2>\n\n\n\n<div style=\"height:20px\" aria-hidden=\"true\" class=\"wp-block-spacer\"><\/div>\n\n\n\n<p>Este monumento rinde homenaje al pol\u00edtico, pensador y escritor cubano Jos\u00e9 Mart\u00ed, creador del Partido Revolucionario Cubano, quien encontr\u00f3 en M\u00e9xico un segundo hogar.<br><br>El busto del h\u00e9roe fue elaborado por el escultor Poube y donado al Bosque de Chapultepec en enero de 1953 por el Ajefismo, una organizaci\u00f3n cubana, como s\u00edmbolo de los v\u00ednculos establecidos entre Cuba y M\u00e9xico durante la primera mitad del siglo XX. <br><br><strong>Horario:<\/strong><br>Sujeto al horario de la Primera Secci\u00f3n<br><br><strong>Ubicaci\u00f3n:<\/strong><br><a href=\"https:\/\/maps.app.goo.gl\/DjHFXWboXxo1E4xV7\"><mark style=\"background-color:rgba(0, 0, 0, 0)\" class=\"has-inline-color has-black-color\">Cerca del Acceso Quebradora. Primera Secci\u00f3n del Bosque de Chapultepec<\/mark><\/a><\/p>\n<\/div>\n<\/div>\n","protected":false},"menu_order":0,"template":"","format":"standard","meta":{"_acf_changed":false,"inline_featured_image":false},"categories":[5,17,3],"tags":[75,89],"class_list":["post-901","espacios","type-espacios","status-publish","format-standard","hentry","category-espacios","category-monumentos-primera-seccion","category-primera-seccion","tag-chapultepec-primera-seccion","tag-monumentos"],"acf":[],"_links":{"self":[{"href":"http:\/\/bosquedechapultepec.mx:9000\/bosquedechapultepec\/wp-json\/wp\/v2\/espacios\/901","targetHints":{"allow":["GET"]}}],"collection":[{"href":"http:\/\/bosquedechapultepec.mx:9000\/bosquedechapultepec\/wp-json\/wp\/v2\/espacios"}],"about":[{"href":"http:\/\/bosquedechapultepec.mx:9000\/bosquedechapultepec\/wp-json\/wp\/v2\/types\/espacios"}],"wp:attachment":[{"href":"http:\/\/bosquedechapultepec.mx:9000\/bosquedechapultepec\/wp-json\/wp\/v2\/media?parent=901"}],"wp:term":[{"taxonomy":"category","embeddable":true,"href":"http:\/\/bosquedechapultepec.mx:9000\/bosquedechapultepec\/wp-json\/wp\/v2\/categories?post=901"},{"taxonomy":"post_tag","embeddable":true,"href":"http:\/\/bosquedechapultepec.mx:9000\/bosquedechapultepec\/wp-json\/wp\/v2\/tags?post=901"}],"curies":[{"name":"wp","href":"https:\/\/api.w.org\/{rel}","templated":true}]}}

Monumento a José Martí

<div class="wp-block-columns is-layout-flex wp-container-core-columns-is-layout-9d6595d7 wp-block-columns-is-layout-flex">
<div class="wp-block-column is-layout-flow wp-block-column-is-layout-flow">
<h2 class="wp-block-heading sm:text-3xl md:text-3xl lg:text-4xl xl:text-4xl"><strong>Monumento a José Martí</strong></h2>



<div style="height:20px" aria-hidden="true" class="wp-block-spacer"></div>



<p>Este monumento rinde homenaje al político, pensador y escritor cubano José Martí, creador del Partido Revolucionario Cubano, quien encontró en México un segundo hogar.<br><br>El busto del héroe fue elaborado por el escultor Poube y donado al Bosque de Chapultepec en enero de 1953 por el Ajefismo, una organización cubana, como símbolo de los vínculos establecidos entre Cuba y México durante la primera mitad del siglo XX. <br><br><strong>Horario:</strong><br>Sujeto al horario de la Primera Sección<br><br><strong>Ubicación:</strong><br><a href="https://maps.app.goo.gl/DjHFXWboXxo1E4xV7"><mark style="background-color:rgba(0, 0, 0, 0)" class="has-inline-color has-black-color">Cerca del Acceso Quebradora. Primera Sección del Bosque de Chapultepec</mark></a></p>
</div>
</div>
