{"id":898,"date":"2024-01-25T22:21:39","date_gmt":"2024-01-26T04:21:39","guid":{"rendered":"http:\/\/data.sedema.cdmx.gob.mx:9000\/bosquedechapultepec\/?post_type=espacios&#038;p=898"},"modified":"2025-07-23T19:40:50","modified_gmt":"2025-07-24T00:40:50","slug":"banos-moctezuma","status":"publish","type":"espacios","link":"http:\/\/bosquedechapultepec.mx:9000\/bosquedechapultepec\/espacios\/banos-moctezuma\/","title":{"rendered":"Ba\u00f1os de Moctezuma"},"content":{"rendered":"\n<div class=\"wp-block-columns is-layout-flex wp-container-core-columns-is-layout-9d6595d7 wp-block-columns-is-layout-flex\">\n<div class=\"wp-block-column is-layout-flow wp-block-column-is-layout-flow\">\n<h2 class=\"wp-block-heading sm:text-3xl md:text-3xl lg:text-4xl xl:text-4xl\"><strong><strong>Ba\u00f1os de Moctezuma<\/strong><\/strong><\/h2>\n\n\n\n<div style=\"height:20px\" aria-hidden=\"true\" class=\"wp-block-spacer\"><\/div>\n\n\n\n<p>De origen prehisp\u00e1nico y anteriormente conocida como alberca de los Espinosa, este espacio abastec\u00eda de agua a las haciendas al sur del cerro de Chapultepec, como La Condesa.<\/p>\n\n\n\n<p>En el siglo XIX, frente a esta caja de agua se construy\u00f3 un conjunto de ba\u00f1os que alcanz\u00f3 gran fama: la Casa Ba\u00f1os de Chapultepec, propiedad de Jos\u00e9 Amor y Escand\u00f3n. Estos ba\u00f1os fueron inaugurados el 1 de abril de 1870, y cerraron en agosto de 1881.<\/p>\n\n\n\n<p>Eventualmente, la familia Escand\u00f3n vender\u00eda el predio al Ayuntamiento de la ciudad, el cual demoli\u00f3 los ba\u00f1os e integr\u00f3 el terreno al Bosque de Chapultepec, quedando en pie el contenedor prehisp\u00e1nico; para 1910, el \u00e1rea fue remozada con motivo del centenario de la Independencia de M\u00e9xico y renombrada como &#8220;Ba\u00f1os de Moctezuma&#8221;.<br><br><strong>Horario:<\/strong><br>Sujeto al horario de la Primera Secci\u00f3n<br><br><strong>Ubicaci\u00f3n:<\/strong><br><a href=\"https:\/\/maps.app.goo.gl\/wfy4qLURUXdPhst87\"><mark style=\"background-color:rgba(0, 0, 0, 0)\" class=\"has-inline-color has-black-color\">Av. Colegio Militar, Acceso de Las Flores, Primera Secci\u00f3n del Bosque de Chapultepec<\/mark><\/a><\/p>\n\n\n\n<div style=\"height:20px\" aria-hidden=\"true\" class=\"wp-block-spacer\"><\/div>\n<\/div>\n<\/div>\n","protected":false},"menu_order":0,"template":"","format":"standard","meta":{"_acf_changed":false,"inline_featured_image":false},"categories":[5,17,3],"tags":[],"class_list":["post-898","espacios","type-espacios","status-publish","format-standard","hentry","category-espacios","category-monumentos-primera-seccion","category-primera-seccion"],"acf":[],"_links":{"self":[{"href":"http:\/\/bosquedechapultepec.mx:9000\/bosquedechapultepec\/wp-json\/wp\/v2\/espacios\/898","targetHints":{"allow":["GET"]}}],"collection":[{"href":"http:\/\/bosquedechapultepec.mx:9000\/bosquedechapultepec\/wp-json\/wp\/v2\/espacios"}],"about":[{"href":"http:\/\/bosquedechapultepec.mx:9000\/bosquedechapultepec\/wp-json\/wp\/v2\/types\/espacios"}],"wp:attachment":[{"href":"http:\/\/bosquedechapultepec.mx:9000\/bosquedechapultepec\/wp-json\/wp\/v2\/media?parent=898"}],"wp:term":[{"taxonomy":"category","embeddable":true,"href":"http:\/\/bosquedechapultepec.mx:9000\/bosquedechapultepec\/wp-json\/wp\/v2\/categories?post=898"},{"taxonomy":"post_tag","embeddable":true,"href":"http:\/\/bosquedechapultepec.mx:9000\/bosquedechapultepec\/wp-json\/wp\/v2\/tags?post=898"}],"curies":[{"name":"wp","href":"https:\/\/api.w.org\/{rel}","templated":true}]}}

Baños de Moctezuma

<div class="wp-block-columns is-layout-flex wp-container-core-columns-is-layout-9d6595d7 wp-block-columns-is-layout-flex">
<div class="wp-block-column is-layout-flow wp-block-column-is-layout-flow">
<h2 class="wp-block-heading sm:text-3xl md:text-3xl lg:text-4xl xl:text-4xl"><strong><strong>Baños de Moctezuma</strong></strong></h2>



<div style="height:20px" aria-hidden="true" class="wp-block-spacer"></div>



<p>De origen prehispánico y anteriormente conocida como alberca de los Espinosa, este espacio abastecía de agua a las haciendas al sur del cerro de Chapultepec, como La Condesa.</p>



<p>En el siglo XIX, frente a esta caja de agua se construyó un conjunto de baños que alcanzó gran fama: la Casa Baños de Chapultepec, propiedad de José Amor y Escandón. Estos baños fueron inaugurados el 1 de abril de 1870, y cerraron en agosto de 1881.</p>



<p>Eventualmente, la familia Escandón vendería el predio al Ayuntamiento de la ciudad, el cual demolió los baños e integró el terreno al Bosque de Chapultepec, quedando en pie el contenedor prehispánico; para 1910, el área fue remozada con motivo del centenario de la Independencia de México y renombrada como &#8220;Baños de Moctezuma&#8221;.<br><br><strong>Horario:</strong><br>Sujeto al horario de la Primera Sección<br><br><strong>Ubicación:</strong><br><a href="https://maps.app.goo.gl/wfy4qLURUXdPhst87"><mark style="background-color:rgba(0, 0, 0, 0)" class="has-inline-color has-black-color">Av. Colegio Militar, Acceso de Las Flores, Primera Sección del Bosque de Chapultepec</mark></a></p>



<div style="height:20px" aria-hidden="true" class="wp-block-spacer"></div>
</div>
</div>
