{"id":892,"date":"2024-01-25T22:08:25","date_gmt":"2024-01-26T04:08:25","guid":{"rendered":"http:\/\/data.sedema.cdmx.gob.mx:9000\/bosquedechapultepec\/?post_type=espacios&#038;p=892"},"modified":"2025-07-23T19:39:18","modified_gmt":"2025-07-24T00:39:18","slug":"quijote-nubes","status":"publish","type":"espacios","link":"http:\/\/bosquedechapultepec.mx:9000\/bosquedechapultepec\/espacios\/quijote-nubes\/","title":{"rendered":"Quijote en las Nubes"},"content":{"rendered":"\n<div class=\"wp-block-columns is-layout-flex wp-container-core-columns-is-layout-9d6595d7 wp-block-columns-is-layout-flex\">\n<div class=\"wp-block-column is-layout-flow wp-block-column-is-layout-flow\">\n<h2 class=\"wp-block-heading sm:text-3xl md:text-3xl lg:text-4xl xl:text-4xl\"><strong><strong>Quijote en las Nubes<\/strong><\/strong><\/h2>\n\n\n\n<div style=\"height:20px\" aria-hidden=\"true\" class=\"wp-block-spacer\"><\/div>\n\n\n\n<p>Esta conmovedora escultura rinde tributo al inolvidable personaje de Miguel de Cervantes Saavedra y su valiente corcel, Rocinante. La obra, esculpida en 1989 por el talentoso artista mexicano Humberto Peraza, captura la esencia del caballero, empu\u00f1ando una lanza y con la mirada fija en el cielo. Esta emotiva representaci\u00f3n invita a los visitantes a sumergirse en la fantas\u00eda y la valent\u00eda del Quijote, convirti\u00e9ndose en un espacio donde la imaginaci\u00f3n y la admiraci\u00f3n se entrelazan.<br><br><strong>Horario:<\/strong><br>Sujeto al horario de la Primera Secci\u00f3n<br><br><strong>Ubicaci\u00f3n:<\/strong><br><a href=\"https:\/\/maps.app.goo.gl\/ThyBEjDoyG93RnJ27\"><mark style=\"background-color:rgba(0, 0, 0, 0)\" class=\"has-inline-color has-black-color\">Avenida Acuario, Primera Secci\u00f3n del Bosque de Chapultepec.<\/mark><\/a><\/p>\n\n\n\n<div style=\"height:20px\" aria-hidden=\"true\" class=\"wp-block-spacer\"><\/div>\n<\/div>\n<\/div>\n","protected":false},"menu_order":0,"template":"","format":"standard","meta":{"_acf_changed":false,"inline_featured_image":false},"categories":[5,17,3],"tags":[],"class_list":["post-892","espacios","type-espacios","status-publish","format-standard","hentry","category-espacios","category-monumentos-primera-seccion","category-primera-seccion"],"acf":[],"_links":{"self":[{"href":"http:\/\/bosquedechapultepec.mx:9000\/bosquedechapultepec\/wp-json\/wp\/v2\/espacios\/892","targetHints":{"allow":["GET"]}}],"collection":[{"href":"http:\/\/bosquedechapultepec.mx:9000\/bosquedechapultepec\/wp-json\/wp\/v2\/espacios"}],"about":[{"href":"http:\/\/bosquedechapultepec.mx:9000\/bosquedechapultepec\/wp-json\/wp\/v2\/types\/espacios"}],"wp:attachment":[{"href":"http:\/\/bosquedechapultepec.mx:9000\/bosquedechapultepec\/wp-json\/wp\/v2\/media?parent=892"}],"wp:term":[{"taxonomy":"category","embeddable":true,"href":"http:\/\/bosquedechapultepec.mx:9000\/bosquedechapultepec\/wp-json\/wp\/v2\/categories?post=892"},{"taxonomy":"post_tag","embeddable":true,"href":"http:\/\/bosquedechapultepec.mx:9000\/bosquedechapultepec\/wp-json\/wp\/v2\/tags?post=892"}],"curies":[{"name":"wp","href":"https:\/\/api.w.org\/{rel}","templated":true}]}}

<div class="wp-block-columns is-layout-flex wp-container-core-columns-is-layout-9d6595d7 wp-block-columns-is-layout-flex">
<div class="wp-block-column is-layout-flow wp-block-column-is-layout-flow">
<h2 class="wp-block-heading sm:text-3xl md:text-3xl lg:text-4xl xl:text-4xl"><strong><strong>Quijote en las Nubes</strong></strong></h2>



<div style="height:20px" aria-hidden="true" class="wp-block-spacer"></div>



<p>Esta conmovedora escultura rinde tributo al inolvidable personaje de Miguel de Cervantes Saavedra y su valiente corcel, Rocinante. La obra, esculpida en 1989 por el talentoso artista mexicano Humberto Peraza, captura la esencia del caballero, empuñando una lanza y con la mirada fija en el cielo. Esta emotiva representación invita a los visitantes a sumergirse en la fantasía y la valentía del Quijote, convirtiéndose en un espacio donde la imaginación y la admiración se entrelazan.<br><br><strong>Horario:</strong><br>Sujeto al horario de la Primera Sección<br><br><strong>Ubicación:</strong><br><a href="https://maps.app.goo.gl/ThyBEjDoyG93RnJ27"><mark style="background-color:rgba(0, 0, 0, 0)" class="has-inline-color has-black-color">Avenida Acuario, Primera Sección del Bosque de Chapultepec.</mark></a></p>



<div style="height:20px" aria-hidden="true" class="wp-block-spacer"></div>
</div>
</div>
