{"id":786,"date":"2024-01-25T18:49:53","date_gmt":"2024-01-26T00:49:53","guid":{"rendered":"http:\/\/data.sedema.cdmx.gob.mx:9000\/bosquedechapultepec\/?post_type=espacios&#038;p=786"},"modified":"2025-08-05T17:41:02","modified_gmt":"2025-08-05T22:41:02","slug":"jardin-de-adultos-mayores","status":"publish","type":"espacios","link":"http:\/\/bosquedechapultepec.mx:9000\/bosquedechapultepec\/espacios\/jardin-de-adultos-mayores\/","title":{"rendered":"Jard\u00edn de Adultos Mayores \u201cEuquerio Guerrero\u201d"},"content":{"rendered":"\n<div class=\"wp-block-columns is-layout-flex wp-container-core-columns-is-layout-9d6595d7 wp-block-columns-is-layout-flex\">\n<div class=\"wp-block-column is-layout-flow wp-block-column-is-layout-flow\">\n<h2 class=\"wp-block-heading sm:text-3xl md:text-3xl lg:text-4xl xl:text-4xl\">Jard\u00edn de Adultos Mayores \u201cEuquerio Guerrero\u201d<\/h2>\n\n\n\n<div style=\"height:20px\" aria-hidden=\"true\" class=\"wp-block-spacer\"><\/div>\n\n\n\n<p>El Jard\u00edn de Adultos Mayores ofrece una alternativa \u00fanica de recreaci\u00f3n, entretenimiento y esparcimiento dise\u00f1ada exclusivamente para personas de la tercera edad.<br><br>Inaugurado en septiembre de 1986 y bautizado en honor a su fundador Euquerio Guerrero, el jard\u00edn tiene una extensi\u00f3n de 36,000 m\u00b2. Destaca su hermoso Jard\u00edn Escult\u00f3rico, hogar de 32 esculturas y 3 bustos de artistas reconocidos. Adem\u00e1s, cuenta con un pintoresco lago interior, la Biblioteca Andr\u00e9s Henestrosa, \u00e1reas de talleres y salones.<br><br><strong>Horario:<\/strong><br>Lunes a domingo de 09:00 a 17:00 horas<br><br><strong>Costo:<\/strong><br>Entrada Libre<br><br><strong>Ubicaci\u00f3n:<\/strong><br><a href=\"https:\/\/maps.app.goo.gl\/6YiP1GeZFqPyYsiQA\"><mark style=\"background-color:rgba(0, 0, 0, 0)\" class=\"has-inline-color has-black-color\">Acceso Principal por Av. Chivatito, esquina con Paseo de la Reforma, Primera Secci\u00f3n<\/mark><\/a><\/p>\n\n\n<div class=\"wp-block-image\">\n<figure class=\"aligncenter size-full is-resized\"><img fetchpriority=\"high\" decoding=\"async\" width=\"920\" height=\"670\" src=\"http:\/\/data.sedema.cdmx.gob.mx:9000\/bosquedechapultepec\/wp-content\/uploads\/2024\/06\/JARDIN-DEL-ADULTO-MAYOR-HORARIO-01.png\" alt=\"\" class=\"wp-image-3453\" style=\"width:744px;height:auto\" srcset=\"http:\/\/bosquedechapultepec.mx:9000\/bosquedechapultepec\/wp-content\/uploads\/2024\/06\/JARDIN-DEL-ADULTO-MAYOR-HORARIO-01.png 920w, http:\/\/bosquedechapultepec.mx:9000\/bosquedechapultepec\/wp-content\/uploads\/2024\/06\/JARDIN-DEL-ADULTO-MAYOR-HORARIO-01-300x218.png 300w, http:\/\/bosquedechapultepec.mx:9000\/bosquedechapultepec\/wp-content\/uploads\/2024\/06\/JARDIN-DEL-ADULTO-MAYOR-HORARIO-01-768x559.png 768w\" sizes=\"(max-width: 920px) 100vw, 920px\" \/><\/figure>\n<\/div><\/div>\n<\/div>\n\n\n\n<p><\/p>\n","protected":false},"menu_order":0,"template":"","format":"standard","meta":{"_acf_changed":true,"inline_featured_image":false},"categories":[5,3,16],"tags":[79,80,131],"class_list":["post-786","espacios","type-espacios","status-publish","format-standard","hentry","category-espacios","category-primera-seccion","category-recintos-culturales-primera-seccion","tag-jardines","tag-primera-seccion","tag-recintos-culturales"],"acf":[],"_links":{"self":[{"href":"http:\/\/bosquedechapultepec.mx:9000\/bosquedechapultepec\/wp-json\/wp\/v2\/espacios\/786","targetHints":{"allow":["GET"]}}],"collection":[{"href":"http:\/\/bosquedechapultepec.mx:9000\/bosquedechapultepec\/wp-json\/wp\/v2\/espacios"}],"about":[{"href":"http:\/\/bosquedechapultepec.mx:9000\/bosquedechapultepec\/wp-json\/wp\/v2\/types\/espacios"}],"wp:attachment":[{"href":"http:\/\/bosquedechapultepec.mx:9000\/bosquedechapultepec\/wp-json\/wp\/v2\/media?parent=786"}],"wp:term":[{"taxonomy":"category","embeddable":true,"href":"http:\/\/bosquedechapultepec.mx:9000\/bosquedechapultepec\/wp-json\/wp\/v2\/categories?post=786"},{"taxonomy":"post_tag","embeddable":true,"href":"http:\/\/bosquedechapultepec.mx:9000\/bosquedechapultepec\/wp-json\/wp\/v2\/tags?post=786"}],"curies":[{"name":"wp","href":"https:\/\/api.w.org\/{rel}","templated":true}]}}

Jardín de Adultos Mayores “Euquerio Guerrero”

<div class="wp-block-columns is-layout-flex wp-container-core-columns-is-layout-9d6595d7 wp-block-columns-is-layout-flex">
<div class="wp-block-column is-layout-flow wp-block-column-is-layout-flow">
<h2 class="wp-block-heading sm:text-3xl md:text-3xl lg:text-4xl xl:text-4xl">Jardín de Adultos Mayores “Euquerio Guerrero”</h2>



<div style="height:20px" aria-hidden="true" class="wp-block-spacer"></div>



<p>El Jardín de Adultos Mayores ofrece una alternativa única de recreación, entretenimiento y esparcimiento diseñada exclusivamente para personas de la tercera edad.<br><br>Inaugurado en septiembre de 1986 y bautizado en honor a su fundador Euquerio Guerrero, el jardín tiene una extensión de 36,000 m². Destaca su hermoso Jardín Escultórico, hogar de 32 esculturas y 3 bustos de artistas reconocidos. Además, cuenta con un pintoresco lago interior, la Biblioteca Andrés Henestrosa, áreas de talleres y salones.<br><br><strong>Horario:</strong><br>Lunes a domingo de 09:00 a 17:00 horas<br><br><strong>Costo:</strong><br>Entrada Libre<br><br><strong>Ubicación:</strong><br><a href="https://maps.app.goo.gl/6YiP1GeZFqPyYsiQA"><mark style="background-color:rgba(0, 0, 0, 0)" class="has-inline-color has-black-color">Acceso Principal por Av. Chivatito, esquina con Paseo de la Reforma, Primera Sección</mark></a></p>


<div class="wp-block-image">
<figure class="aligncenter size-full is-resized"><img fetchpriority="high" decoding="async" width="920" height="670" src="http://data.sedema.cdmx.gob.mx:9000/bosquedechapultepec/wp-content/uploads/2024/06/JARDIN-DEL-ADULTO-MAYOR-HORARIO-01.png" alt="" class="wp-image-3453" style="width:744px;height:auto" srcset="http://bosquedechapultepec.mx:9000/bosquedechapultepec/wp-content/uploads/2024/06/JARDIN-DEL-ADULTO-MAYOR-HORARIO-01.png 920w, http://bosquedechapultepec.mx:9000/bosquedechapultepec/wp-content/uploads/2024/06/JARDIN-DEL-ADULTO-MAYOR-HORARIO-01-300x218.png 300w, http://bosquedechapultepec.mx:9000/bosquedechapultepec/wp-content/uploads/2024/06/JARDIN-DEL-ADULTO-MAYOR-HORARIO-01-768x559.png 768w" sizes="(max-width: 920px) 100vw, 920px" /></figure>
</div></div>
</div>



<p></p>
