{"id":6608,"date":"2025-04-15T21:10:57","date_gmt":"2025-04-16T02:10:57","guid":{"rendered":"http:\/\/bosquedechapultepec.mx:9000\/bosquedechapultepec\/?post_type=espacios&#038;p=6608"},"modified":"2025-07-23T12:38:15","modified_gmt":"2025-07-23T17:38:15","slug":"cencalli","status":"publish","type":"espacios","link":"http:\/\/bosquedechapultepec.mx:9000\/bosquedechapultepec\/espacios\/cencalli\/","title":{"rendered":"Cencalli: Casa del Ma\u00edz"},"content":{"rendered":"\n<div class=\"wp-block-columns is-layout-flex wp-container-core-columns-is-layout-9d6595d7 wp-block-columns-is-layout-flex\">\n<div class=\"wp-block-column is-layout-flow wp-block-column-is-layout-flow\">\n<h2 class=\"wp-block-heading sm:text-3xl md:text-3xl lg:text-4xl xl:text-4xl\"><strong><strong><strong><strong><strong><strong><strong><strong><strong>Cencalli: Casa del Ma\u00edz y la Cultura Alimentaria<\/strong><\/strong><\/strong><\/strong><\/strong><\/strong><\/strong><\/strong><\/strong><\/h2>\n\n\n\n<div style=\"height:20px\" aria-hidden=\"true\" class=\"wp-block-spacer\"><\/div>\n\n\n\n<p>Cencalli es uno de los recintos que conforman el Centro de Cultura Alimentaria, junto con el Centro de Documentaci\u00f3n Guillermo Bonfil Batalla, el mercado Agroecol\u00f3gico El Solar, entre otros.<\/p>\n\n\n\n<p>Se ubica en lo que fue el hist\u00f3rico edificio de Molino del Rey, el cual sirvi\u00f3 como oficinas del Estado Mayor Presidencial dentro de los Pinos.<\/p>\n\n\n\n<p>El objetivo del Cencalli es mostrar al p\u00fablico en general la biodiversidad alimentaria, la t\u00e9cnica, el arte y la cultura que gira alrededor de los saberes culinarios ancestrales y contempor\u00e1neos de nuestro pa\u00eds.<br><br><strong>Horario:<br><\/strong>Martes a domingo de 11:00 a 18:00 horas<\/p>\n\n\n\n<p>Entrada libre<br><br><strong>Ubicaci\u00f3n:<br><\/strong><a href=\"https:\/\/maps.app.goo.gl\/UEgTcua6bc6sUSCn7\" data-type=\"link\" data-id=\"https:\/\/maps.app.goo.gl\/UEgTcua6bc6sUSCn7\"><mark style=\"background-color:rgba(0, 0, 0, 0)\" class=\"has-inline-color has-black-color\">Av. Parque Lira S\/N, Bosque de Chapultepec I Secc, Miguel Hidalgo, 11850 Ciudad de M\u00e9xico, CDMX<\/mark><\/a><\/p>\n\n\n\n<div style=\"height:20px\" aria-hidden=\"true\" class=\"wp-block-spacer\"><\/div>\n<\/div>\n<\/div>\n","protected":false},"menu_order":0,"template":"","format":"standard","meta":{"_acf_changed":true,"inline_featured_image":false},"categories":[5,48,15,3,16],"tags":[97,120,75,108,81],"class_list":["post-6608","espacios","type-espacios","status-publish","format-standard","hentry","category-espacios","category-mercados-primera-seccion","category-museos-primera-seccion","category-primera-seccion","category-recintos-culturales-primera-seccion","tag-arte","tag-bicicleta","tag-chapultepec-primera-seccion","tag-museos","tag-pet-friendly"],"acf":[],"_links":{"self":[{"href":"http:\/\/bosquedechapultepec.mx:9000\/bosquedechapultepec\/wp-json\/wp\/v2\/espacios\/6608","targetHints":{"allow":["GET"]}}],"collection":[{"href":"http:\/\/bosquedechapultepec.mx:9000\/bosquedechapultepec\/wp-json\/wp\/v2\/espacios"}],"about":[{"href":"http:\/\/bosquedechapultepec.mx:9000\/bosquedechapultepec\/wp-json\/wp\/v2\/types\/espacios"}],"wp:attachment":[{"href":"http:\/\/bosquedechapultepec.mx:9000\/bosquedechapultepec\/wp-json\/wp\/v2\/media?parent=6608"}],"wp:term":[{"taxonomy":"category","embeddable":true,"href":"http:\/\/bosquedechapultepec.mx:9000\/bosquedechapultepec\/wp-json\/wp\/v2\/categories?post=6608"},{"taxonomy":"post_tag","embeddable":true,"href":"http:\/\/bosquedechapultepec.mx:9000\/bosquedechapultepec\/wp-json\/wp\/v2\/tags?post=6608"}],"curies":[{"name":"wp","href":"https:\/\/api.w.org\/{rel}","templated":true}]}}

Cencalli: Casa del Maíz

<div class="wp-block-columns is-layout-flex wp-container-core-columns-is-layout-9d6595d7 wp-block-columns-is-layout-flex">
<div class="wp-block-column is-layout-flow wp-block-column-is-layout-flow">
<h2 class="wp-block-heading sm:text-3xl md:text-3xl lg:text-4xl xl:text-4xl"><strong><strong><strong><strong><strong><strong><strong><strong><strong>Cencalli: Casa del Maíz y la Cultura Alimentaria</strong></strong></strong></strong></strong></strong></strong></strong></strong></h2>



<div style="height:20px" aria-hidden="true" class="wp-block-spacer"></div>



<p>Cencalli es uno de los recintos que conforman el Centro de Cultura Alimentaria, junto con el Centro de Documentación Guillermo Bonfil Batalla, el mercado Agroecológico El Solar, entre otros.</p>



<p>Se ubica en lo que fue el histórico edificio de Molino del Rey, el cual sirvió como oficinas del Estado Mayor Presidencial dentro de los Pinos.</p>



<p>El objetivo del Cencalli es mostrar al público en general la biodiversidad alimentaria, la técnica, el arte y la cultura que gira alrededor de los saberes culinarios ancestrales y contemporáneos de nuestro país.<br><br><strong>Horario:<br></strong>Martes a domingo de 11:00 a 18:00 horas</p>



<p>Entrada libre<br><br><strong>Ubicación:<br></strong><a href="https://maps.app.goo.gl/UEgTcua6bc6sUSCn7" data-type="link" data-id="https://maps.app.goo.gl/UEgTcua6bc6sUSCn7"><mark style="background-color:rgba(0, 0, 0, 0)" class="has-inline-color has-black-color">Av. Parque Lira S/N, Bosque de Chapultepec I Secc, Miguel Hidalgo, 11850 Ciudad de México, CDMX</mark></a></p>



<div style="height:20px" aria-hidden="true" class="wp-block-spacer"></div>
</div>
</div>
