{"id":4807,"date":"2024-07-04T14:00:30","date_gmt":"2024-07-04T19:00:30","guid":{"rendered":"http:\/\/data.sedema.cdmx.gob.mx:9000\/bosquedechapultepec\/?post_type=espacios&#038;p=4807"},"modified":"2025-07-23T12:42:43","modified_gmt":"2025-07-23T17:42:43","slug":"fuente-ornamental","status":"publish","type":"espacios","link":"http:\/\/bosquedechapultepec.mx:9000\/bosquedechapultepec\/espacios\/fuente-ornamental\/","title":{"rendered":"Fuente Ornamental del Lago Mayor"},"content":{"rendered":"\n<div class=\"wp-block-columns is-layout-flex wp-container-core-columns-is-layout-9d6595d7 wp-block-columns-is-layout-flex\">\n<div class=\"wp-block-column is-layout-flow wp-block-column-is-layout-flow\">\n<h2 class=\"wp-block-heading sm:text-3xl md:text-3xl lg:text-4xl xl:text-4xl\"><strong>Fuente <\/strong>Ornamental del Lago Mayor<\/h2>\n\n\n\n<div style=\"height:20px\" aria-hidden=\"true\" class=\"wp-block-spacer\"><\/div>\n\n\n\n<p>Ubicada en el centro del Lago Mayor de la Primera Secci\u00f3n, fue construida durante los trabajos de remodelaci\u00f3n dirigidos por Jos\u00e9 Yves Limantour a principios del siglo XX.<br><br><br><br><strong>Horario:<\/strong><br>Sujeto al horario de la Primera Secci\u00f3n<br><br><strong>Ubicaci\u00f3n:<\/strong><br><a href=\"https:\/\/maps.app.goo.gl\/J5S4tWK3wBsR3bYq6\"><mark style=\"background-color:rgba(0, 0, 0, 0)\" class=\"has-inline-color has-black-color\">Lago Mayor, Primera Secci\u00f3n del Bosque de Chapultepec.<\/mark><\/a><\/p>\n<\/div>\n<\/div>\n","protected":false},"menu_order":0,"template":"","format":"standard","meta":{"_acf_changed":true,"inline_featured_image":false},"categories":[5,18,3],"tags":[75,86,87,80],"class_list":["post-4807","espacios","type-espacios","status-publish","format-standard","hentry","category-espacios","category-fuentes-primera-seccion","category-primera-seccion","tag-chapultepec-primera-seccion","tag-fuentes","tag-lagos","tag-primera-seccion"],"acf":[],"_links":{"self":[{"href":"http:\/\/bosquedechapultepec.mx:9000\/bosquedechapultepec\/wp-json\/wp\/v2\/espacios\/4807","targetHints":{"allow":["GET"]}}],"collection":[{"href":"http:\/\/bosquedechapultepec.mx:9000\/bosquedechapultepec\/wp-json\/wp\/v2\/espacios"}],"about":[{"href":"http:\/\/bosquedechapultepec.mx:9000\/bosquedechapultepec\/wp-json\/wp\/v2\/types\/espacios"}],"wp:attachment":[{"href":"http:\/\/bosquedechapultepec.mx:9000\/bosquedechapultepec\/wp-json\/wp\/v2\/media?parent=4807"}],"wp:term":[{"taxonomy":"category","embeddable":true,"href":"http:\/\/bosquedechapultepec.mx:9000\/bosquedechapultepec\/wp-json\/wp\/v2\/categories?post=4807"},{"taxonomy":"post_tag","embeddable":true,"href":"http:\/\/bosquedechapultepec.mx:9000\/bosquedechapultepec\/wp-json\/wp\/v2\/tags?post=4807"}],"curies":[{"name":"wp","href":"https:\/\/api.w.org\/{rel}","templated":true}]}}

<div class="wp-block-columns is-layout-flex wp-container-core-columns-is-layout-9d6595d7 wp-block-columns-is-layout-flex">
<div class="wp-block-column is-layout-flow wp-block-column-is-layout-flow">
<h2 class="wp-block-heading sm:text-3xl md:text-3xl lg:text-4xl xl:text-4xl"><strong>Fuente </strong>Ornamental del Lago Mayor</h2>



<div style="height:20px" aria-hidden="true" class="wp-block-spacer"></div>



<p>Ubicada en el centro del Lago Mayor de la Primera Sección, fue construida durante los trabajos de remodelación dirigidos por José Yves Limantour a principios del siglo XX.<br><br><br><br><strong>Horario:</strong><br>Sujeto al horario de la Primera Sección<br><br><strong>Ubicación:</strong><br><a href="https://maps.app.goo.gl/J5S4tWK3wBsR3bYq6"><mark style="background-color:rgba(0, 0, 0, 0)" class="has-inline-color has-black-color">Lago Mayor, Primera Sección del Bosque de Chapultepec.</mark></a></p>
</div>
</div>
