{"id":4533,"date":"2024-07-02T12:15:25","date_gmt":"2024-07-02T17:15:25","guid":{"rendered":"http:\/\/data.sedema.cdmx.gob.mx:9000\/bosquedechapultepec\/?post_type=espacios&#038;p=4533"},"modified":"2025-07-23T12:44:03","modified_gmt":"2025-07-23T17:44:03","slug":"fuente-jardin-comunidad","status":"publish","type":"espacios","link":"http:\/\/bosquedechapultepec.mx:9000\/bosquedechapultepec\/espacios\/fuente-jardin-comunidad\/","title":{"rendered":"Fuente y Jard\u00edn de la Comunidad\u00a0"},"content":{"rendered":"\n<div class=\"wp-block-columns is-layout-flex wp-container-core-columns-is-layout-9d6595d7 wp-block-columns-is-layout-flex\">\n<div class=\"wp-block-column is-layout-flow wp-block-column-is-layout-flow\">\n<h2 class=\"wp-block-heading sm:text-3xl md:text-3xl lg:text-4xl xl:text-4xl\"><strong><strong><strong><strong>Fuente y Jard\u00edn de l<\/strong>a Comunidad<\/strong><\/strong><\/strong><\/h2>\n\n\n\n<div style=\"height:20px\" aria-hidden=\"true\" class=\"wp-block-spacer\"><\/div>\n\n\n\n<p>Anteriormente conocido como &#8220;Jard\u00edn Rosedal&#8221;, este espacio fue inaugurado en 1986 por el presidente Miguel de la Madrid.<br><br>Su nombre se debe a que en este jard\u00edn se plant\u00f3 un \u00e1rbol por cada colonia de la Delegaci\u00f3n Miguel Hidalgo. <br><br><strong>Horario:<\/strong><br>Sujeto al horario de la Primera Secci\u00f3n<br><br><strong>Ubicaci\u00f3n:<\/strong><br><a href=\"https:\/\/maps.app.goo.gl\/x2F9HDFAnvD4GT3d6\"><mark style=\"background-color:rgba(0, 0, 0, 0)\" class=\"has-inline-color has-black-color\">Acceso Quebradora, Primera Secci\u00f3n Bosque de Chapultepec<br><\/mark><\/a><\/p>\n<\/div>\n<\/div>\n","protected":false},"menu_order":0,"template":"","format":"standard","meta":{"_acf_changed":false,"inline_featured_image":false},"categories":[5,18,3],"tags":[75,79,77,80],"class_list":["post-4533","espacios","type-espacios","status-publish","format-standard","hentry","category-espacios","category-fuentes-primera-seccion","category-primera-seccion","tag-chapultepec-primera-seccion","tag-jardines","tag-parques","tag-primera-seccion"],"acf":[],"_links":{"self":[{"href":"http:\/\/bosquedechapultepec.mx:9000\/bosquedechapultepec\/wp-json\/wp\/v2\/espacios\/4533","targetHints":{"allow":["GET"]}}],"collection":[{"href":"http:\/\/bosquedechapultepec.mx:9000\/bosquedechapultepec\/wp-json\/wp\/v2\/espacios"}],"about":[{"href":"http:\/\/bosquedechapultepec.mx:9000\/bosquedechapultepec\/wp-json\/wp\/v2\/types\/espacios"}],"wp:attachment":[{"href":"http:\/\/bosquedechapultepec.mx:9000\/bosquedechapultepec\/wp-json\/wp\/v2\/media?parent=4533"}],"wp:term":[{"taxonomy":"category","embeddable":true,"href":"http:\/\/bosquedechapultepec.mx:9000\/bosquedechapultepec\/wp-json\/wp\/v2\/categories?post=4533"},{"taxonomy":"post_tag","embeddable":true,"href":"http:\/\/bosquedechapultepec.mx:9000\/bosquedechapultepec\/wp-json\/wp\/v2\/tags?post=4533"}],"curies":[{"name":"wp","href":"https:\/\/api.w.org\/{rel}","templated":true}]}}

Fuente y Jardín de la Comunidad

<div class="wp-block-columns is-layout-flex wp-container-core-columns-is-layout-9d6595d7 wp-block-columns-is-layout-flex">
<div class="wp-block-column is-layout-flow wp-block-column-is-layout-flow">
<h2 class="wp-block-heading sm:text-3xl md:text-3xl lg:text-4xl xl:text-4xl"><strong><strong><strong><strong>Fuente y Jardín de l</strong>a Comunidad</strong></strong></strong></h2>



<div style="height:20px" aria-hidden="true" class="wp-block-spacer"></div>



<p>Anteriormente conocido como &#8220;Jardín Rosedal&#8221;, este espacio fue inaugurado en 1986 por el presidente Miguel de la Madrid.<br><br>Su nombre se debe a que en este jardín se plantó un árbol por cada colonia de la Delegación Miguel Hidalgo. <br><br><strong>Horario:</strong><br>Sujeto al horario de la Primera Sección<br><br><strong>Ubicación:</strong><br><a href="https://maps.app.goo.gl/x2F9HDFAnvD4GT3d6"><mark style="background-color:rgba(0, 0, 0, 0)" class="has-inline-color has-black-color">Acceso Quebradora, Primera Sección Bosque de Chapultepec<br></mark></a></p>
</div>
</div>
